 s(j) = 2*j**2 - 3. Let r(k) be the first derivative of k**4/4 - 5*k**3/3 + 8*k - 16. Let y(o) = 4*r(o) + 11*s(o). Determine y(v).
5
Let y(z) be the second derivative of -z**8/6720 + z**7/420 - z**6/180 + 3*z**5/40 + z**4 - 4*z. Let i(d) be the third derivative of y(d). Give i(6).
-15
Let u = -69 + 73. Let g be (36/15 - u)/(4/(-10)). Let p(o) = o**3 - 6*o**2 + 4*o + 4. Calculate p(g).
-12
Let l(q) = -6 - 9*q + 10*q**2 + 14 - q**3 - 3*q**2. Let t be 2 + 1 + (-45)/(-6)*(-14)/(-35). What is l(t)?
-10
Let m = -17 - -40. Let u(p) = 57 - 33 - p - m. Suppose 23 = 3*s + 5. Calculate u(s).
-5
Let x(n) = -n**2 + n + 1. Let g(z) = 3*z**3 - 3*z**2 + 2*z + 3. Let d = 18 + -13. Suppose -4*s + 3 = -d*s. Let k(r) = s*x(r) + g(r). Determine k(-1).
-2
Let i(m) = 103*m**3 + 2*m**2 + 2 - 5 + m - 104*m**3. Determine i(3).
-9
Suppose -r - 20 = 4*q - 3*r, -2*q = -3*r + 6. Let v be 3/(((-162)/(-12))/9). Let p(u) = -5*u**2 - v + u**3 + 13*u**2 - 2*u**2. Calculate p(q).
-2
Let x(t) = 6*t**2 + 2 + 2*t + 5 + 267*t**3 - 268*t**3 - t. What is x(6)?
13
Let b(z) = -z**3 + 8*z**2 - 5*z - 10. Let q = 89 - 47. Suppose 3*y + q = 9*y. What is b(y)?
4
Let f(a) be the third derivative of -a**6/120 + a**5/3 + 5*a**4/6 + 19*a**3/6 + 625*a**2. Calculate f(21).
-2
Let h(l) = l**3 - l**2 + 2*l - 1. Suppose -2*y - 3*r + 4*r = 2, 4*y + 4*r - 20 = 0. Give h(y).
1
Let x be (-4)/(-8)*-8 - -4. Suppose 9 = -3*o, x*o - 9 = -2*y + o. Let k(r) = -r**3 + 5*r**2 - 4*r + 3. Calculate k(y).
9
Let g(m) = 4*m**2 - 785 - 2*m + 390 + 392 + m**3. Calculate g(-4).
5
Let m(j) = 2*j - 2. Let b = -289 - -292. What is m(b)?
4
Let d(s) = 49*s**2 + 19*s + 10. Let j(h) = 20*h**2 + 10*h + 5. Let f(l) = 2*d(l) - 5*j(l). Determine f(-5).
5
Let m = 396 - 399. Let k(v) = -v**3 - v**2 + 6*v + 4. Give k(m).
4
Let f(s) = -s**2 - 39 - 27 + 72 - 7*s. Let h = 4 + -10. Determine f(h).
12
Let h(m) be the second derivative of m**5/20 - m**4/3 + m**3/2 - 2*m**2 - 7*m. Suppose -2*n + 2 = -n. Suppose -k = -0*a + n*a - 9, 5*k - 18 = -a. What is h(a)?
-4
Let s(t) be the third derivative of t**7/1008 - t**6/720 - t**5/10 + 4*t**2. Let z(v) be the third derivative of s(v). What is z(1)?
4
Let k(a) = -a**3 - 6*a**2 - 4*a + 5. Let t(o) = 2*o**3 - 5*o**2 - 12*o - 5. Let r be t(4). Calculate k(r).
0
Let j(i) = 0*i**2 + i**3 + 6 - 1 + 5*i**2 + 2*i + 9*i**2 - 9*i**2. Let q = -1 - 4. What is j(q)?
-5
Suppose -2*m - f + 0*f = 4, -20 = -2*m + 5*f. Let i(v) = 0*v - 4*v - 5 + m*v + 3*v. Determine i(-4).
-1
Let q(z) = -z**2 - 7*z - 4. Suppose 3*t = -3*a, -8 = -a - 5*t - 0. Calculate q(a).
6
Let o(a) = a**3 - 25 - 7*a + 28 - 5*a - 13 - 11*a**2. Give o(12).
-10
Let o(a) = a**3 - a**2 + a - 1. Let x(n) = -5*n**3 + 2*n**2 - 4*n + 6. Let b(i) = 4*o(i) + x(i). Let g = -35146 - -35144. Calculate b(g).
2
Suppose 3*v = 2*v + 5*p - 4, 4*v - 6 = -2*p. Let b = 8 + v. Let a(k) = 8 + 2*k + 3*k + b*k**2 - 10*k**2. Give a(6).
2
Let k = 1022 - 1017. Let d(l) = l**3 - 2*l**2 - 14*l + 9. Determine d(k).
14
Let y(t) = -t**3 + 7*t**2 + 3*t - 9. Suppose 5*l - 3*q - 35 = -6*q, 5*q = 5*l - 35. Determine y(l).
12
Let f(n) be the second derivative of 5/2*n**2 + n - 1/6*n**3 + 0. Let x(v) = -6. Let c(y) = 4*f(y) + 3*x(y). Calculate c(2).
-6
Let o(t) = t**2 - 33*t + 258. Let s be o(15). Let b(l) = 2*l**2 + 22*l + 9. Calculate b(s).
33
Let q(b) = -b**2 - 6*b - 3. Let t(u) = 2*u + 34. Let d(s) = -s**2 - 20*s - 20. Let i be d(-20). Let f be t(i). Give q(f).
-3
Suppose -3*h - 420 = 17*h. Let v(c) = -3*c - 52. Give v(h).
11
Let m(p) = p**2 + p + 2. Let s(y) = -2*y**2 - 9. Let d(g) = -3*m(g) - 2*s(g). Calculate d(0).
12
Let d(r) = -r**2 + 24*r + 55. Let p be d(26). Let s(y) be the second derivative of -y**3/6 + 3*y**2/2 - 2*y. Give s(p).
0
Let p(o) = -7 + 3*o**2 - o**3 - 3*o + 2*o**2 + 4*o + 0*o. Let d = 1 - 0. Let c = 4 + d. What is p(c)?
-2
Let g(p) = p**2 - 4*p + 3. Let v(y) = -y**3 - 41*y**2 + 40*y - 82. Let d be v(-42). Determine g(d).
-1
Suppose -4*s + 129 = 113. Let k(c) = c**3 - 3*c**2 + c - 3. Calculate k(s).
17
Let g(p) = p**3 + 5*p**2 - 7*p - 12. Suppose 4*z = 5*i - 34, 6*z - 5*z + 3*i = 0. Determine g(z).
-6
Let q(k) = -2*k**2 + 43*k + 312. Let p be q(-6). Let r(x) = 3*x + 56. Determine r(p).
2
Let h(x) = 3*x + 2. Let t(k) = -59*k**2 - 1. Let n be t(1). Let s be ((-4)/12)/(4/n). Let a(m) = -m**3 + 5*m**2 + m - 7. Let d be a(s). Give h(d).
-4
Let u be (-7)/1 - (40 - 38). Let y(m) = -m + 10. Give y(u).
19
Let n(x) = 14435 + x**3 + 0*x**3 - 14436. Give n(-2).
-9
Suppose 0 = 19*h - 15*h - 12. Let d(i) be the first derivative of 1/3*i**h - i**2 - i - 1. Give d(-2).
7
Let x(p) be the second derivative of -p**4/6 - p**3 + p**2/2 + 3*p - 56. Determine x(-3).
1
Let s(l) = 3*l**2 + 4*l + 2. Let t be (-8)/2 + -10*12/(-15). Suppose 3*m - t = 5*m. Determine s(m).
6
Let i be (7 - 5)/((-6)/4 + 1). Let c(p) = p**3 + 3*p**2 - 4*p + 4. Give c(i).
4
Suppose 2*v + 0*v - 8 = 0. Suppose -2*o = g + 4*g - 4, g + v = -2*o. Let j(r) = r**2 + 0 + 2 - 4 - 6*r + 5. Determine j(g).
-5
Let r(a) = -2*a + 10. Suppose -4 = -5*f + 2*g - 12, 0 = 3*f + g - 4. Suppose -7*y - 10 + 59 = f. Determine r(y).
-4
Let s(t) = t**2 - 10*t - 6. Suppose 4*v = 12 + 32. Let l be s(v). Let m(q) be the third derivative of q**5/60 - q**4/8 - 5*q**3/6 + 5*q**2. Determine m(l).
5
Let j(m) = -16*m**2 + 1. Let h(i) = 10*i**2 + 3*i - 1. Let o(l) = h(l) + j(l). Determine o(3).
-45
Suppose -7*x + 6*x = -11. Suppose 1 = 2*i + 4*n - x, 4*n - 12 = -3*i. Suppose q - 2 = -i*q. Let g(u) = u**2 + u + 1. Calculate g(q).
7
Let i = 27 + -21. Let o(s) = 5*s - 1. Let l(a) = 5*a - 1. Let v(d) = i*o(d) - 7*l(d). Determine v(2).
-9
Let x(m) = -m**3 - m + 2. Let y be x(0). Let d be y/(-4*4/8). Let f(j) = -7*j**3 - j. What is f(d)?
8
Suppose 42 = 4*q + 26. Suppose -3*d - q*j + 9*j = 16, 3*d + 12 = 3*j. Let x(l) = -l**3 + 2*l**2 + 2*l + 3. Give x(d).
15
Let v(k) = -2*k + 39. Let w(m) = -8*m + 158. Let n(p) = 9*v(p) - 2*w(p). Give n(23).
-11
Let g(z) = z**3 + 16*z**2 - z - 13. Suppose -r - 22 = 3*m, -72 = r + 4*r - 4*m. Let i be g(r). Let s(p) = -4*p - 3. What is s(i)?
-15
Let z(c) = -c**3 + 13*c**2 + 2*c - 18. Let x be z(13). Let a be (4/(-10))/(x/(-120)). Let k(v) = -4*v**2 + 2*v + 3*v**2 + 5*v - 2. Calculate k(a).
4
Let k = 10 - -8. Let x be (-3)/9 + (-66)/k. Let t(g) = 2*g + 4. Determine t(x).
-4
Let l(u) be the first derivative of -3*u**6/40 - u**5/60 - u**2 + 18. Let v(b) be the second derivative of l(b). Give v(1).
-10
Let w(d) = 6*d + 2. Let n = 1216 + -1217. Determine w(n).
-4
Let l(x) = -x**2 + 6*x - 6. Suppose 5*b - 196 = p, 4*b - 3*b = -2*p + 37. Let g be (-13)/b - 16/(-3). Calculate l(g).
-1
Suppose 5*q = 2*q. Let x be (1 + q)*(4 + -3). Let r(c) = 1 + 1 + x + c + 0. What is r(-3)?
0
Let q(k) = -2*k**2 - k. Let y be (-5)/(-30) - (-46)/12. Suppose 3*g - 4*o + 11 = -8, -y*o = g - 15. Calculate q(g).
-1
Let z be (-11)/(-4) + (-1)/(-4). Suppose -x = 5*h + 6 + 7, -12 = z*h. Let f = x + -13. Let p(b) = -3*b - 2. Determine p(f).
16
Let g(t) be the second derivative of -t**6/120 - t**5/20 - t**4/12 + t**3/2 - 3*t**2/2 - 11*t. Let j(d) be the first derivative of g(d). Determine j(-3).
9
Let x be ((-22)/10 + 1)*(-160)/24. Let h(w) = w**2 - 6*w - 1. What is h(x)?
15
Let h(d) = -d**3 - 9*d**2 - 10*d - 2. Let o = -35 - 0. Let i = o - -27. Determine h(i).
14
Let k(q) = 11*q - 1. Let p(t) = -t**3 + 6*t**2 + 1. Let u be p(6). Give k(u).
10
Let w be (6/4)/((-6)/(-12)). Suppose 5*p = -18 - 7, 3*f + 33 = -w*p. Let t(s) = -s**3 - 5*s**2 + 5*s - 5. Calculate t(f).
1
Let l(g) = 2*g**2 - 54*g + 53. Let o be l(26). Let j(f) = -54*f + 1. Give j(o).
-53
Suppose 3*j - 36 = -2*p, 0*p + p - 32 = -5*j. Let t = p - -2. Let h(a) = -11 - 2*a - a + t. Calculate h(5).
-12
Let k(n) = n**2 + 1. Let h(d) = d**3 - 6*d**2 - 11*d + 10. Let x(g) = h(g) - 3*k(g). Give x(10).
-3
Suppose 3*x = 4*p - 9, 3*x + p + 4*p = -9. Let o(n) be the third derivative of n**5/60 - n**4/24 + n**3/6 + n**2. What is o(x)?
13
Let i be ((-260)/15)/13*3. Let q(s) = -5*s + 3. Give q(i).
23
Let b(c) be the first derivative of -c**4/4 + c**3 - 2*c**2 - 5. Let v(t) = -t**2 - 24*t + 55. Let l be v(-26). Give b(l).
-12
Let a = 63 - 55. Let l(q) = -2*q + 14. What is l(a)?
-2
Suppose -f = -2*d - 5, 3*f = d - 2*d - 6. Let h(p) = -3 + p + 3*p**2 + p**2 + 4 - p**2. Calculate h(f).
3
Let u(f) = -2*f - 5*f